{"id":7427,"date":"2015-06-03T08:09:37","date_gmt":"2015-06-03T06:09:37","guid":{"rendered":"http:\/\/www.trivigante.it\/public\/tregenda\/?page_id=7427"},"modified":"2015-06-03T08:13:28","modified_gmt":"2015-06-03T06:13:28","slug":"cookies-e-privacy-policy","status":"publish","type":"page","link":"https:\/\/www.trivigante.it\/public\/tregenda\/cookies-e-privacy-policy\/","title":{"rendered":"cookies e privacy policy"},"content":{"rendered":"<div class=\"art-postcontent clearfix\">\n<div class=\"art-article\">\n<h3><span style=\"color: #3366ff;\">Cookies policy<\/span><\/h3>\n<p>Come prescritto dai decreti legislativi 69\/2012 e 70\/2012 e dal comma 2 dell\u2019art. 122 del Codice della Privacy, ovvero il recepimento italiano della cosiddetta Legge Europea \u2018Cookie Law\u2019, in questa pagina si spiegano le modalit\u00e0 con le quali questo sito utilizza i cookies.<br \/>\nPer ogni informazione sui cookies e il loro funzionamento si veda: <a href=\"http:\/\/www.allaboutcookies.org\/\" target=\"_blank\">www.allaboutcookies.org<\/a><\/p>\n<p>1. Cookies \u2018tecnici\u2019 utilizzati dal nostro sito<br \/>\nQuesto sito utilizza alcuni cookies per il funzionamento del sito stesso (cookies del tipo cosiddetto \u2018tecnico\u2019) e per migliorare la navigazione. Tra essi, per esempio, i cookies utilizzati da javascript e da wordpress stesso, che \u00e8 il CMS con il quale \u00e8 costruito questo sito.<br \/>\n<strong>Noi non raccogliamo alcuna informazione personale con questo tipo di funzionalit\u00e0 e l\u2019utilizzo dei cookies in questi casi \u00e8 semplicemente necessario per il funzionamento del sito stesso.<\/strong><br \/>\n<strong>Qualora non si sia d\u2019accordo con l\u2019utlizzo di questi cookies vi invitiamo a lasciare la navigazione su questo sito. Viceversa, il proseguimento della navigazione sul nostro sito \u00e8 considerata alla stregua di un assenso.<\/strong> In alternativa, per limitare il ricevimento di cookie tramite il browser visita i seguenti siti per comprendere come impedire al tuo dispositivo di ricevere i cookie (a seconda del browser che adoperi): <a href=\"http:\/\/support.mozilla.org\/en-US\/kb\/cookies-information-websites-store-on-your-computer\" target=\"_blank\">Firefox<\/a>; <a href=\"http:\/\/support.microsoft.com\/kb\/196955\" target=\"_blank\">Internet Explorer<\/a>; <a href=\"http:\/\/support.google.com\/chrome\/bin\/answer.py?hl=en&amp;answer=95647\" target=\"_blank\">Google Chrome<\/a> e <a href=\"http:\/\/support.apple.com\/kb\/PH5042\" target=\"_blank\">Safari<\/a>. Naturalmente, in questo secondo caso non garantiamo il corretto funzionamento di tutte le parti del sito.<\/p>\n<p>2. Cookies di terze parti utilizzati dal nostro sito<br \/>\nQuesto sito utilizza tipologie di cookies di terze parti, relativi a servizi di Google, in particolare di Youtube. In generale, qui tutte le informazioni relative alle politiche di Google: <a href=\"http:\/\/www.google.com\/policies\/technologies\/cookies\/\" target=\"_blank\">http:\/\/www.google.com\/policies\/technologies\/cookies\/<\/a><a href=\"http:\/\/www.google.com\/policies\/technologies\/cookies\/\" target=\"_blank\"><br \/>\n<\/a>Le statistiche relative alle visite su questo sito sono raccolte da un plugin interno, per cui i dati non vengono trasmessi ad alcuno.<br \/>\n<strong>trivigante.it, quindi, raccoglie le informazioni di navigazione internamente e non utilizza i dati raccolti per alcuna finalit\u00e0 che non sia di analisi interna sul funzionamento e la fruizione dei contenuti del sito.<\/strong> E anche perch\u00e9 qualcuno<strong>, <\/strong>ogni tanto, scrive qualche porcatona tremenda nei commenti, ed \u00e8 meglio sapere chi \u00e8, per ogni evenienza.<strong><br \/>\n<\/strong><\/p>\n<p>3. Altri cookies di terze parti utilizzati dal nostro sito<br \/>\nUtilizzando i moduli presenti sul sito, per esempio per contattarci, \u00e8 necessario, per il corretto funzionamento dei sopradetti moduli, installare alcuni cookies. Tali cookies sono considerati come \u2018tecnici\u2019 (per esempio: la generazione dei codici captcha) e non forniscono alcuna informazione al gestore del sito. L\u2019unica informazione inviata con l\u2019utilizzo di questi moduli \u00e8 l\u2019indirizzo mail, peraltro fornito in maniera esplicita dall\u2019utente, e tale indirizzo \u00e8 soggetto alle norme sulla privacy, esplicitate di seguito.<\/p>\n<p>4. Note<br \/>\nCi riserviamo il diritto di modificare la presente policy sui Cookie, in tutto o in parte, a nostra discrezione. Tutte le sue modifiche diveranno efficaci subito dopo la pubblicazione sul sito della policy aggiornata. L\u2019uso del sito o dei servizi successivamente la modifica della presente Policy sui Cookie implica accettazione di tali modifiche. Se non acconsenti ai termini della presente policy sui Cookie, come modificato di tanto in tanto, in tutto o in parte, devi interrompere l\u2019uso del sito.<\/p>\n<p>\u2014<\/p>\n<h3><span style=\"color: #3366ff;\">Privacy policy<\/span><\/h3>\n<p>In queste pagine vengono descritte le modalit\u00e0 di gestione del sito in riferimento al trattamento dei dati personali degli utenti e visitatori. Si tratta di un\u2019informativa resa anche ai sensi dell\u2019art. 13 del D.Lgs. 196\/2003 (Codice in materia di protezione dei dati personali) a coloro che interagiscono con questo sito internet; detta informativa riguarda unicamente i dati raccolti attraverso questo sito web e non si estende ad altri siti, ad esso eventualmente collegati.<br \/>\nL\u2019informativa si ispira anche alla Raccomandazione n. 2\/2001 che le autorit\u00e0 europee per la protezione dei dati personali, riunite nel Gruppo istituito dall\u2019art. 29 della direttiva n. 95\/46\/CE , hanno adottato il 17 maggio 2001 per individuare alcuni requisiti minimi per la raccolta di dati personali on line e, in particolare, le modalit\u00e0, i tempi e la natura delle informazioni che i titolari del trattamento devono fornire agli utenti quando questi si collegano a pagine web, indipendentemente dagli scopi del collegamento.<\/p>\n<p>Titolare del trattamento dei dati<br \/>\nA seguito della consultazione di questo sito possono essere trattati dati relativi a persone identificate o identificabili: titolare del loro trattamento \u00e8 trivigante. nella sua bella persona.<\/p>\n<p>Luogo di trattamento dei dati e finalit\u00e0 del trattamento dei medesimi<br \/>\nI trattamenti connessi ai servizi web di questo sito sono curati solo da personale autorizzato o da soggetti eventualmente incaricati di occasionali operazioni di manutenzione. Detti hanno luogo presso la sede della scrivente societ\u00e0.<br \/>\nNessun dato acquisito tramite il servizio web viene diffuso.<br \/>\nI dati personali forniti dagli utenti che inoltrano richieste e\/o comunicazioni a mezzo email sono, peraltro, utilizzati al fine di eseguire il servizio o la prestazione richiesta. I dati non sono mai comunicati a terzi.<\/p>\n<p>Tipologie di dati trattati<br \/>\n<em>A) Dati di navigazione<\/em><br \/>\nI sistemi informatici e le procedure software preposte al funzionamento di questo sito web acquisiscono, nel corso del loro normale esercizio, alcuni dati personali la cui trasmissione \u00e8 implicita nell\u2019uso dei protocolli di comunicazione di Internet. Si tratta di informazioni che non sono raccolte per essere associate a interessati identificati, ma che per loro stessa natura potrebbero, attraverso elaborazioni ed associazioni con dati detenuti da terzi, permettere di identificare gli utenti.<br \/>\nIn questa categoria di dati rientrano gli indirizzi IP o i nomi a dominio dei computer utilizzati dagli utenti che si connettono al sito, gli indirizzi in notazione URI (Uniform Resource Identifier) delle risorse richieste, l\u2019orario della richiesta, il metodo utilizzato nel sottoporre la richiesta al server, la dimensione del file ottenuto in risposta, il codice numerico indicante lo stato della risposta data dal server (buon fine, errore, ecc.) ed altri parametri relativi al sistema operativo e all\u2019ambiente informatico dell\u2019utente. Questi dati vengono, al pi\u00f9, utilizzati al solo fine di ricavare informazioni statistiche anonime sull\u2019uso del sito e per controllarne il corretto funzionamento. I dati potrebbero essere utilizzati per l\u2019accertamento di responsabilit\u00e0 in caso di ipotetici reati informatici ai danni del sito.<br \/>\n<em>B) Dati forniti volontariamente dall\u2019utente<\/em><br \/>\nL\u2019invio facoltativo, esplicito e volontario di posta elettronica agli indirizzi indicati su questo sito comporta la successiva acquisizione dell\u2019indirizzo del mittente, indispensabile per rispondere alle richieste, nonch\u00e9 degli eventuali altri dati personali inseriti nel messaggio. Il loro mancato conferimento, anche parziale, pu\u00f2 comportare l\u2019impossibilit\u00e0 di ottenere quanto richiesto.<\/p>\n<p>Modalit\u00e0 del trattamento dei dati<br \/>\nI dati personali sono trattati con strumenti automatizzati per il tempo strettamente necessario a conseguire gli scopi per cui sono stati raccolti. Specifiche misure di sicurezza sono osservate per prevenire la perdita dei dati, gli usi illeciti o non corretti ed accessi non autorizzati.<\/p>\n<p>Diritti degli interessati<br \/>\nInformiamo infine che il D. Lgs. n. 196\/03 conferisce all\u2019interessato l\u2019esercizio di specifici diritti. In particolare, l\u2019interessato pu\u00f2 ottenere dal titolare la conferma dell\u2019esistenza o meno di propri dati personali e che tali dati gli vengano comunicati in forma intelligibile. L\u2019interessato ha altres\u00ec il diritto di ottenere l\u2019indicazione dell\u2019origine dei dati personali, delle finalit\u00e0 e modalit\u00e0 del trattamento, della logica applicata in caso di trattamento effettuato con l\u2019ausilio di strumenti elettronici, degli estremi identificativi del titolare e dei responsabili nonch\u00e9 dei soggetti o categorie di soggetti ai quali i dati personali possono essere comunicati o che ne possono venire a conoscenza. L\u2019interessato ha, anche, il diritto di ottenere l\u2019aggiornamento, la rettificazione o, se vi \u00e8 interesse, l\u2019integrazione dei dati, la cancellazione, la trasformazione in forma anonima o il blocco dei dati trattati in violazione della disciplina nonch\u00e9 l\u2019attestazione che dette operazioni sono state portate a conoscenza a coloro ai quali i dati sono stati comunicati o diffusi. L\u2019interessato infine ha diritto di opporsi, per motivi legittimi, al trattamento di dati che lo riguardano e al trattamento di dati personali che lo riguardano ai fini dell\u2019invio di materiale pubblicitario o di vendita diretta o per il compimento di ricerche di mercato o di comunicazione commerciale.<br \/>\nL\u2019interessato pu\u00f2 rivolgersi, per tutto ci\u00f2, alla scrivente societ\u00e0, titolare del trattamento, con semplice comunicazione a mezzo lettera, fax o email.<\/p>\n<\/div>\n<\/div>\n","protected":false},"excerpt":{"rendered":"<p>Cookies policy Come prescritto dai decreti legislativi 69\/2012 e 70\/2012 e dal comma 2 dell\u2019art. 122 del Codice della Privacy, ovvero il recepimento italiano della cosiddetta Legge Europea \u2018Cookie Law\u2019, in questa pagina si spiegano le modalit\u00e0 con le quali questo sito utilizza i cookies. Per ogni informazione sui cookies e il loro funzionamento si [&hellip;]<\/p>\n","protected":false},"author":1,"featured_media":0,"parent":0,"menu_order":0,"comment_status":"closed","ping_status":"closed","template":"","meta":{"footnotes":""},"class_list":["post-7427","page","type-page","status-publish","hentry"],"_links":{"self":[{"href":"https:\/\/www.trivigante.it\/public\/tregenda\/wp-json\/wp\/v2\/pages\/7427","targetHints":{"allow":["GET"]}}],"collection":[{"href":"https:\/\/www.trivigante.it\/public\/tregenda\/wp-json\/wp\/v2\/pages"}],"about":[{"href":"https:\/\/www.trivigante.it\/public\/tregenda\/wp-json\/wp\/v2\/types\/page"}],"author":[{"embeddable":true,"href":"https:\/\/www.trivigante.it\/public\/tregenda\/wp-json\/wp\/v2\/users\/1"}],"replies":[{"embeddable":true,"href":"https:\/\/www.trivigante.it\/public\/tregenda\/wp-json\/wp\/v2\/comments?post=7427"}],"version-history":[{"count":3,"href":"https:\/\/www.trivigante.it\/public\/tregenda\/wp-json\/wp\/v2\/pages\/7427\/revisions"}],"predecessor-version":[{"id":7430,"href":"https:\/\/www.trivigante.it\/public\/tregenda\/wp-json\/wp\/v2\/pages\/7427\/revisions\/7430"}],"wp:attachment":[{"href":"https:\/\/www.trivigante.it\/public\/tregenda\/wp-json\/wp\/v2\/media?parent=7427"}],"curies":[{"name":"wp","href":"https:\/\/api.w.org\/{rel}","templated":true}]}}